ommon factor of h and 2.
2
Let a be 7667/164 - (2 + 18/(-8)). Suppose a*t + 42 = 53*t. Calculate the highest common divisor of t and 889.
7
Let w be (-270)/(-35) + -8 - 100/(-7). Let c(q) = q**2 + 4*q + 13. Let o be c(-7). Let b be o - -7 - (0 - 1). What is the highest common factor of b and w?
14
Let h = 16588 - 16550. What is the highest common factor of 8 and h?
2
Let k(q) = 2*q**2 - 4. Let r be k(-3). Calculate the highest common factor of 1939 and r.
7
Suppose 12675 = 2*l - 5*t, -l - 8*t = -12*t - 6342. What is the highest common divisor of l and 45?
15
Let k = 5296 + -5289. Suppose -2*b - g + 254 = 2*b, 3*b - 197 = -4*g. Calculate the highest common divisor of k and b.
7
Let a(q) = 625*q + 7018. Let y be a(-11). Suppose 0 = -5*u + 4*u + 33. Calculate the highest common factor of u and y.
11
Let h(n) = 0*n + 6*n - 11 - 10. Let i be h(4). Suppose -4*q + 751 = i*b + 170, -2*q = -b + 197. Calculate the greatest common divisor of 15 and b.
15
Suppose -r + 5*f = 22 + 10, 3*r - 4 = -5*f. Let l be (6/r)/((-28)/392). Calculate the highest common factor of l and 3.
3
Let j = -3951 + 4266. Calculate the highest common divisor of j and 63.
63
Suppose 56*v - 386 = -3*i + 58*v, -5*v + 553 = 4*i. Calculate the greatest common divisor of 12 and i.
12
Let d = -18 - -27. Let s(l) = 2*l**2 - 200*l + 600. Let h be s(97). Calculate the greatest common divisor of h and d.
9
Let l(b) = -219*b**2 + 14*b + 14. Let y be l(-1). Let h be (y/(-146))/(1082/540 - 2). Calculate the greatest common divisor of h and 90.
45
Let b be 2164/24 + 16/((-1728)/126). Calculate the highest common factor of 13261 and b.
89
Let h be 6 + (-78)/6 - 876. Let y = h + 1043. What is the highest common factor of 96 and y?
32
Suppose -13 = b - 5*o, o = 4*o. Let q(v) = -6*v**2 - 11*v + 31. Let a be q(b). Let c be (9/(-2))/(5/(a/18)). Calculate the greatest common factor of c and 7.
7
Let u = 26994 - 23891. Calculate the greatest common factor of u and 116.
29
Let k = -437 + 301. Let z = k - -160. Calculate the highest common divisor of 36 and z.
12
Suppose -5*i - 185 = 11*m - 6*m, -3*i - 2*m = 108. Let p = i + 36. Let r(y) = 11*y + 4. Let s be r(p). What is the greatest common divisor of s and 260?
26
Suppose 0 = 2*v + 4*k - 472, 2*v = k + 270 + 207. Let c = -211 + v. What is the greatest common factor of c and 162?
27
Let m = 2527 - 212. Calculate the greatest common divisor of m and 5.
5
Let x(d) = -2*d**3 - 2*d**2 + 1. Let m be x(-2). Let w be (1 + (-7)/(-5))/(m/45). Calculate the greatest common divisor of w and 348.
12
Suppose -4 - 24 = -4*v. Let s = 258 - 233. Suppose -s*g = -8*g - 357. Calculate the greatest common divisor of g and v.
7
Suppose 3*r - 9 = 0, w + 3*r - 9 = 1. Let a = 539 + -531. Let u be 7/a + (-66)/(-528). What is the greatest common divisor of u and w?
1
Let o = -5495 - -7433. Calculate the greatest common factor of o and 266.
38
Let f(q) = -q**3 - 29*q**2 + 65*q + 236. Let j be f(-31). What is the highest common factor of 539 and j?
11
Let c = 2151 + -2032. Suppose -3*q + 10 = 5*i - 21, i + 38 = 2*q. Calculate the greatest common divisor of q and c.
17
Suppose 98*n - 93*n - 73080 = 0. Suppose 4*c + n = 28*c. What is the greatest common divisor of c and 29?
29
Let y = -252034 + 252072. Suppose -3*q = -4*q + 5*a + 332, 5*q + 2*a = 1714. Calculate the highest common factor of q and y.
38
Let u be 4/(-11) - 60/(-165). Suppose -4*f + 5*l = -99, u = -2*f - 3*l + 37 - 4. Calculate the greatest common factor of 651 and f.
21
Let d(z) = 17*z**2 + 11*z + 5635. Let m be d(0). Calculate the greatest common divisor of 345 and m.
115
Suppose 50*g = 117*g - 285822. What is the greatest common factor of 158 and g?
158
Let u = 235 + -235. Suppose -30*f + 26*f + 132 = u. Calculate the greatest common divisor of 22 and f.
11
Let z be -3 - 0/(-4) - -14. Let y = 16154 + -15648. Calculate the highest common divisor of z and y.
11
Let u be (-310)/(-4) + 1*(-3)/(-2). Suppose -5*q + u = 2*p, 10*q - 7*q = -2*p + 45. Calculate the highest common factor of 221 and q.
17
Let j be ((-2)/(-4))/(2/212). Let t be ((-153223)/20237)/((-2)/70). Calculate the highest common divisor of t and j.
53
Let h = 19206 - 19174. Let l(z) = 5*z**2 + 20*z**2 - 4*z + 2*z. Let a be l(2). Calculate the highest common divisor of a and h.
32
Let r = 45712 + -45692. Suppose 8 = 2*f - f. Calculate the greatest common divisor of f and r.
4
Let h = -183 - -189. Let d(z) = z + 11. Let o be d(h). What is the highest common divisor of o and 153?
17
Let l = 25 - 5. Suppose 2*w - 9 = 5*w. Let i be (4*(w + 2))/((-2)/4). What is the highest common factor of i and l?
4
Suppose m - 4*u + 5*u = 9271, -2*m = 7*u - 18587. What is the highest common divisor of m and 22?
22
Let n(r) = 9*r**3 - 25*r**2 - 14*r + 22. Let p be n(5). What is the greatest common divisor of p and 4294?
226
Suppose 279*s = 260*s + 399. Let a be (8/12)/((-4)/(-42)). Calculate the greatest common factor of a and s.
7
Let d = -361 - -536. Suppose u - 55 = -5*w, -3*u - 4*w - w = -205. What is the greatest common factor of d and u?
25
Let w(u) = -2*u**3 + 36*u**2 + 36*u - 21. Let n be w(18). Calculate the greatest common divisor of n and 132.
33
Let i be ((-10)/25)/(1/(-85)). Let c = -465 - -485. Calculate the highest common divisor of i and c.
2
Suppose 361*r - 84*r - 441266 = 1767809. What is the highest common factor of r and 50?
25
Let a(d) = -1 - 6*d**2 - 10*d**2 + 7*d**2 + 4 - d**3. Let f be a(-9). What is the greatest common factor of f and 9?
3
Let t = 788 - 735. What is the greatest common divisor of t and 159?
53
Let n be 2420 - (-17)/(-68)*48. What is the greatest common divisor of 56 and n?
56
Suppose 0 = 4*i + 5*v - 27216, -v + 34015 = 5*i + 4*v. Let u be i/65 - (-6)/(-10). What is the highest common divisor of u and 16?
8
Let v = -4158 - -4280. What is the greatest common divisor of v and 1586?
122
Let a be -2 + (-436)/(-12) - (-1)/(-3). Let p = a + -27. Let d be 1573/p + (-4)/(-28)*2. What is the greatest common divisor of d and 25?
25
Suppose 1089*x = 1108*x - 176125 + 12269. Calculate the greatest common factor of x and 11.
11
Let u be (-7)/(350/(-61260)) - 3/15. What is the greatest common factor of u and 175?
175
Suppose 5*u - 95 = 6*u. Let w = 105 + u. Suppose 5*v + 270 = w*v. What is the highest common factor of v and 90?
18
Let h(r) = -578 + 0*r**3 + 565 - 11*r + r**3 - 5*r**2 + 0*r**3. Let s be h(-4). Let l = 193 + s. Calculate the greatest common factor of l and 10.
10
Let m be 4/(24/1422) - -2. Suppose 238*l + 16 = m*l. What is the greatest common factor of 64 and l?
16
Let l(q) = -q**2 - 9*q - 13. Let k be l(-3). Let h be k + (-16)/(-8) + 20. What is the greatest common divisor of h and 99?
9
Suppose -107 + 19 = -4*v. Let j(p) = p**3 + 18*p**2 + 21*p + 20. Let b be j(-14). Suppose 0 = -5*r + 480 + b. Calculate the highest common factor of r and v.
22
Suppose -439*q = -287*q - 6273496. What is the highest common factor of q and 149?
149
Let s(h) = 2*h**2 - 29*h - 4. Let a be s(-30). Calculate the greatest common divisor of 86 and a.
86
Suppose -w + 31 = 27. Let g be 2505/27 - -1*(-10)/(-45). Suppose 7*m = 2*m - w*i + g, -m = 3*i - 12. Calculate the highest common divisor of 21 and m.
21
Suppose -4*l = -2*q + 4803 - 1381, 5*l - 3422 = -2*q. Calculate the greatest common divisor of q and 203.
29
Let t(w) = 4*w**2 + 39*w - 9. Let k = 132 - 126. Let l be t(k). Calculate the highest common divisor of 41 and l.
41
Let r be ((-990)/297)/(3/(-90)). What is the greatest common divisor of r and 7800?
100
Let r = 128316 + -128216. Let z = 6 - -6. Calculate the highest common factor of r and z.
4
Suppose -10*h = x - 14*h - 154, 4*h - 106 = -x. Calculate the highest common factor of 125 and x.
5
Let v be 1/1*-1 - (-1042 - 65). What is the greatest common factor of 28 and v?
14
Suppose -2*h = -37 - 9. Let p(c) = c + 6. Let j be p(-2). Suppose x - j*g = 31, g = 3*x + 3*g - 65. What is the greatest common divisor of h and x?
23
Let p = -29843 - -30578. Calculate the greatest common factor of p and 1715.
245
Suppose 0 = 74*z + 73*z + 84*z - 12474. Calculate the highest common divisor of z and 117.
9
Let w = 32 + 32. Suppose 0 = 5*z + i - 94, -4*z = -i - i - w. Let h be (-189)/(-7) + (4/1 - 1). What is the highest common divisor of z and h?
6
Suppose 4*y